hat is the remainder when 171 is divided by 47?
30
Calculate the remainder when 38 is divided by 15.
8
What is the remainder when 317 is divided by 64?
61
What is the remainder when 507 is divided by 38?
13
What is the remainder when 207 is divided by 5?
2
Calculate the remainder when 7264 is divided by 1036.
12
Calculate the remainder when 120 is divided by 58.
4
What is the remainder when 49431 is divided by 37?
36
What is the remainder when 4366 is divided by 28?
26
Calculate the remainder when 35 is divided by 11.
2
What is the remainder when 242 is divided by 86?
70
What is the remainder when 3293 is divided by 157?
153
What is the remainder when 165 is divided by 40?
5
What is the remainder when 799 is divided by 164?
143
What is the remainder when 135 is divided by 27?
0
Calculate the remainder when 879 is divided by 44.
43
Calculate the remainder when 1081 is divided by 125.
81
What is the remainder when 61 is divided by 21?
19
What is the remainder when 943 is divided by 118?
117
Calculate the remainder when 1371 is divided by 90.
21
Calculate the remainder when 257 is divided by 75.
32
What is the remainder when 503 is divided by 13?
9
Calculate the remainder when 583 is divided by 116.
3
Calculate the remainder when 1931 is divided by 161.
160
Calculate the remainder when 804 is divided by 13.
11
Calculate the remainder when 251 is divided by 233.
18
Calculate the remainder when 605 is divided by 101.
100
What is the remainder when 14629 is divided by 55?
54
What is the remainder when 8641 is divided by 2?
1
What is the remainder when 608 is divided by 21?
20
What is the remainder when 261 is divided by 44?
41
Calculate the remainder when 156 is divided by 66.
24
Calculate the remainder when 4907 is divided by 5.
2
Calculate the remainder when 23140 is divided by 174.
172
Calculate the remainder when 26 is divided by 5.
1
Calculate the remainder when 1185 is divided by 54.
51
Calculate the remainder when 286 is divided by 159.
127
What is the remainder when 2658 is divided by 329?
26
What is the remainder when 2866 is divided by 70?
66
What is the remainder when 10162 is divided by 23?
19
Calculate the remainder when 267 is divided by 52.
7
What is the remainder when 87 is divided by 13?
9
Calculate the remainder when 281 is divided by 22.
17
Calculate the remainder when 881 is divided by 42.
41
Calculate the remainder when 15179 is divided by 10.
9
What is the remainder when 2434 is divided by 138?
88
Calculate the remainder when 113 is divided by 10.
3
Calculate the remainder when 100 is divided by 61.
39
Calculate the remainder when 191 is divided by 15.
11
What is the remainder when 13629 is divided by 192?
189
Calculate the remainder when 217 is divided by 44.
41
What is the remainder when 104 is divided by 18?
14
Calculate the remainder when 4586 is divided by 286.
10
What is the remainder when 357 is divided by 59?
3
What is the remainder when 1286 is divided by 259?
250
Calculate the remainder when 24327 is divided by 15.
12
Calculate the remainder when 3946 is divided by 76.
70
What is the remainder when 129 is divided by 66?
63
What is the remainder when 11779 is divided by 33?
31
Calculate the remainder when 1834 is divided by 34.
32
What is the remainder when 89 is divided by 86?
3
Calculate the remainder when 24454 is divided by 37.
34
Calculate the remainder when 975 is divided by 84.
51
What is the remainder when 525 is divided by 337?
188
Calculate the remainder when 157 is divided by 84.
73
What is the remainder when 370 is divided by 63?
55
What is the remainder when 1768 is divided by 77?
74
Calculate the remainder when 677 is divided by 17.
14
Calculate the remainder when 910 is divided by 27.
19
What is the remainder when 34 is divided by 13?
8
What is the remainder when 13 is divided by 8?
5
Calculate the remainder when 291 is divided by 26.
5
What is the remainder when 29 is divided by 27?
2
Calculate the remainder when 685 is divided by 16.
13
What is the remainder when 193 is divided by 5?
3
What is the remainder when 2923 is divided by 196?
179
Calculate the remainder when 30854 is divided by 58.
56
What is the remainder when 1489 is divided by 38?
7
Calculate the remainder when 84 is divided by 20.
4
What is the remainder when 86 is divided by 44?
42
What is the remainder when 263 is divided by 7?
4
Calculate the remainder when 3940 is divided by 136.
132
What is the remainder when 108 is divided by 3?
0
What is the remainder when 195 is divided by 36?
15
Calculate the remainder when 554 is divided by 109.
9
What is the remainder when 142 is divided by 26?
12
What is the remainder when 1329 is divided by 35?
34
Calculate the remainder when 4203 is divided by 1389.
36
Calculate the remainder when 191 is divided by 8.
7
Calculate the remainder when 260 is divided by 58.
28
What is the remainder when 348 is divided by 92?
72
Calculate the remainder when 178 is divided by 18.
16
What is the remainder when 278 is divided by 6?
2
Calculate the remainder when 1583 is divided by 66.
65
Calculate the remainder when 242 is divided by 82.
78
What is the remainder when 643 is divided by 23?
22
What is the remainder when 10922 is divided by 331?
330
Calculate the remainder when 7455 is divided by 32.
31
What is the remainder when 396 is divided by 77?
11
What is the remainder when 2261 is divided by 561?
17
What is the remainder when 6012 is divided by 32?
28
What is the remainder when 1423 is divided by 130?
123
What is the remainder when 105 is divided by 53?
52
What is the remainder when 343 is divided by 21?
7
Calculate the remainder when 404 is divided by 117.
53
Calculate the remainder when 227 is divided by 180.
47
What is the remainder when 347 is divided by 35?
32
What is the remainder when 834 is divided by 93?
90
Calculate the remainder when 155 is divided by 12.
11
What is the remainder when 2174 is divided by 8?
6
Calculate the remainder when 536 is divided by 95.
61
What is the remainder when 91 is divided by 33?
25
Calculate the remainder when 2339 is divided by 51.
44
Calculate the remainder when 828 is divided by 83.
81
What is the remainder when 4533 is divided by 126?
123
Calculate the remainder when 2225 is divided by 21.
20
What is the remainder when 165 is divided by 45?
30
What is the remainder when 2112 is divided by 1049?
14
What is the remainder when 970 is divided by 15?
10
Calculate the remainder when 69 is divided by 29.
11
Calculate the remainder when 18669 is divided by 24.
21
Calculate the remainder when 2035 is divided by 538.
421
Calculate the remainder when 4064 is divided by 63.
32
Calculate the remainder when 115 is divided by 38.
1
Calculate the remainder when 2639 is divided by 74.
49
What is the remainder when 433 is divided by 23?
19
What is the remainder when 448 is divided by 63?
7
Calculate the remainder when 429 is divided by 27.
24
What is the remainder when 3473 is divided by 44?
41
What is the remainder when 329 is divided by 9?
5
Calculate the remainder when 610 is divided by 36.
34
Calculate the remainder when 987 is divided by 37.
25
Calculate the remainder when 9197 is divided by 100.
97
What is the remainder when 124 is divided by 35?
19
What is the remainder when 215 is divided by 36?
35
What is the remainder when 313 is divided by 74?
17
What is the remainder when 1123 is divided by 560?
3
What is the remainder when 974 is divided by 3?
2
What is the remainder when 635 is divided by 93?
77
What is the remainder when 929 is divided by 19?
17
What is the remainder when 10314 is divided by 86?
80
What is the remainder when 48 is divided by 10?
8
What is the remainder when 26 is divided by 12?
2
What is the remainder when 460 is divided by 44?
20
What is the remainder when 97 is divided by 1?
0
Calculate the remainder when 1037 is divided by 112.
29
Calculate the remainder when 20108 is divided by 221.
218
What is the remainder when 1509 is divided by 35?
4
What is the remainder when 150 is divided by 26?
20
What is the remainder when 1386 is divided by 170?
26
Calculate the remainder when 58 is divided by 49.
9
Calculate the remainder when 14 is divided by 6.
2
Calculate the remainder when 16 is divided by 5.
1
What is the remainder when 283 is divided by 13?
10
